ppose i + i - 1718 = -4*m, -3*m + 1306 = -2*i. What are the prime factors of m?
2, 3
What are the prime factors of 519/1 + (-8 - -2 - -8)?
521
Let h(i) = 47*i + 30. List the prime factors of h(11).
547
Let b(z) = z**3 - 16*z**2 - 14*z + 46. List the prime factors of b(18).
2, 13, 17
Let l be (-30)/9*612/(-10). Suppose a - 5*a + l = 0. List the prime factors of a.
3, 17
Let s(m) = -m**3 + 9*m**2 + 6*m - 5. Let i be (-92)/(-9) + (-16)/72. Let g be s(i). What are the prime factors of 1*2 - (g - 6)?
53
Let u = 56 - -969. List the prime factors of u.
5, 41
Suppose -5*n + 6*n + 3373 = y, y - 2*n - 3370 = 0. List the prime factors of y.
2, 211
Let t(y) = 876*y + 11. Let o be t(-1). Let g = -597 - o. What are the prime factors of g?
2, 67
List the prime factors of (5225/10 + -9)/(2/4).
13, 79
Let u(z) = -17*z + 61. List the prime factors of u(-14).
13, 23
Let r = 343 - -55. What are the prime factors of r?
2, 199
What are the prime factors of -10 - -1993 - 4*2?
5, 79
Let c(a) = -1 - 2*a + 6*a + 7*a**2 + 4. Suppose -4 + 2 = g. List the prime factors of c(g).
23
What are the prime factors of 7/(-7)*3 - -1030?
13, 79
Let x = -150 + 363. Suppose 7*s - x = 6*s. List the prime factors of s.
3, 71
Let o be 16/(2/(-1))*(-196)/112. Let j(i) = -i**3 + 14*i**2 + 2*i + 30. What are the prime factors of j(o)?
2, 29
Let g be (1 + -6)*(-4 + (-145)/(-25)). List the prime factors of (-7)/(42/g) + (-586)/(-4).
2, 37
Let a(h) = 4*h**2 + 36*h + 34. List the prime factors of a(-14).
2, 157
Let f(h) = -3*h - 9. Suppose -2*o + 0 = -8. Suppose 28 - o = -4*i. List the prime factors of f(i).
3
Let z(w) = 16*w - 18. Let r = -15 - -15. Suppose r*o - o + 4 = 0. List the prime factors of z(o).
2, 23
Let a = -20 + 16. Let u(s) be the third derivative of s**6/120 + 7*s**5/60 - s**3 + 15*s**2. What are the prime factors of u(a)?
2, 3, 7
Suppose -v - 4*v = 0, 4*v + 1998 = 3*f. List the prime factors of f.
2, 3, 37
Suppose 452 = c - 3*w + 4*w, -3*w - 448 = -c. Suppose 10*v + 12 = 6*v, -c = -2*s - 5*v. List the prime factors of s.
233
Suppose 4*q - 5*g = 4, -24 = -9*q + 13*q + 2*g. What are the prime factors of q/(96/18) - 895/(-4)?
223
Suppose -67*u - 90 = -70*u. Suppose -4*q = p - 24, -9*q + 4*q + u = p. List the prime factors of q.
2, 3
Let y(i) = -68*i - 30. List the prime factors of y(-5).
2, 5, 31
Let o(i) = 2*i**2 + 2*i + 2. Let u = 1 - 8. Let q be o(u). Let d = q - 37. What are the prime factors of d?
7
Let c be 24/9*87/4. Let g be 2 + 1 + 1 + c. Suppose -g = -2*t - 24. List the prime factors of t.
19
Suppose -2*n = 5*f - 19585, 4*f - 5*n - 16444 = -743. What are the prime factors of f?
3919
Suppose 3*h + 93 - 35 = i, -5*i = 5*h + 110. Let w = h + 47. What are the prime factors of w?
3
Let n(u) = -22*u - 252. Let r be n(-10). Let m be 3*1*-28 + 1. Let h = r - m. List the prime factors of h.
3, 17
Suppose 6437 = 6*l - 7183. List the prime factors of l.
2, 5, 227
Suppose 4*u - 9145 = -5*f, -3*u = 3*f + 2253 - 7743. What are the prime factors of f?
5, 73
Let t(y) = y**3 + 17*y**2 - 43*y - 33. List the prime factors of t(-18).
3, 139
Let t(a) = a**3 - 8*a**2 + 15. Let o be t(8). Let z be (-3)/((-7)/((-560)/o)). What are the prime factors of (-132)/3*20/z?
5, 11
Let o(m) = 3*m**2 + 16. Let t(d) = -3*d - 8. Let i be t(-4). Let c(w) = w**2 + 5. Let j(v) = i*o(v) - 11*c(v). What are the prime factors of j(6)?
3, 5
Suppose 0 = 3*n - 4*l - 2003, n - 4*n + 5*l + 2002 = 0. List the prime factors of n.
3, 223
Suppose -u + 6 + 8 = 0. Let m be (-243)/(-7) + 4/u. Let q = m + -17. List the prime factors of q.
2, 3
Let u = -205 + 855. What are the prime factors of u?
2, 5, 13
Suppose 6 = -s + 86. What are the prime factors of -21*(s/(-32))/(3/4)?
2, 5, 7
Suppose -b - 5*z + 27 = 0, -z - 20 = -5*b - 3*z. Suppose -c = -3*c + 8. Suppose -c*w + h + 88 = 0, -b*w + 6*w - 88 = 5*h. List the prime factors of w.
2, 11
Suppose 2*c + o - 536 = 1035, 3*o = 5*c - 3911. List the prime factors of c.
2, 7
Let x(u) = -u**2 - 2*u + 631. What are the prime factors of x(0)?
631
Suppose 2*x - 1521 = -r, 259 + 524 = x + 5*r. What are the prime factors of x?
2, 379
Let v(q) = 3*q**3 + q**2 - 2*q + 2. Let m be v(1). Suppose -4*y + 46 = m*w - 3*w, w = -2*y + 48. What are the prime factors of w?
2, 5
Let k(o) = -o**3 + 6*o**2 + 2*o - 5. Let r = 23 + -20. Suppose r*m = m + 8. List the prime factors of k(m).
5, 7
Suppose -39*m = -14*m - 41050. What are the prime factors of m?
2, 821
Let w = 1138 - 541. List the prime factors of w.
3, 199
Suppose 4*r + 22 = -b, -r - 1 = 2*b + 15. Let l(v) = v**3 + 9*v**2 + v**2 - 3*v**2 + 3*v + 7. What are the prime factors of l(b)?
5
Let k = -28 + 36. Suppose -2124 = -k*z + 132. What are the prime factors of z?
2, 3, 47
Let n(y) = -13*y + 10. Let s = 30 + -34. What are the prime factors of n(s)?
2, 31
Let x(m) be the third derivative of m**6/120 - m**5/12 - m**4/12 + 2*m**3/3 + 9*m**2. Let g be x(6). Let d = g - 24. What are the prime factors of d?
2
Let p(n) = 3*n**2 + 11*n + 79. List the prime factors of p(13).
3
Let j(a) = -a**2 + 30*a + 33. Suppose 4*q = 4*r - 108, -3*r + 107 - 23 = -4*q. List the prime factors of j(r).
3, 59
Suppose 0 = -h + 8 + 24. Let w = h - -22. What are the prime factors of w?
2, 3
Suppose -12 = -5*m + m. Suppose 0 = -0*g + 2*g - 160. Suppose m*q - q + 5*v - g = 0, 2*q - 64 = -v. List the prime factors of q.
2, 3, 5
Let i = 1197 - 1180. What are the prime factors of i?
17
Suppose -5*f = 572 - 6727. List the prime factors of f.
1231
Suppose 4*x = -4*l + 5204, 4*x + 1591 + 2333 = 3*l. What are the prime factors of l?
2, 163
Suppose -4*o = 3*h - 505, 2*o + 185 = 4*h - 3*h. Suppose 4*c + h = 3*s, -5*c = -0*c + 5. List the prime factors of s.
3, 19
Suppose -2*h - 6 = 0, 4*c - 816 = -5*h - 283. Let l = c - 58. List the prime factors of l.
79
Let p = 173 + -244. Let n = 101 - p. What are the prime factors of n?
2, 43
Let q = 137 + 1980. What are the prime factors of q?
29, 73
Let c be (-14)/7*(-6)/4. Let q(o) = 0 - 5*o**2 + o**2 - 3 - c*o**3. List the prime factors of q(-3).
2, 3, 7
Let v(t) = 25*t - 10. Let f be v(3). Suppose 5*l = 15, 3*l + 44 = 2*p - f. What are the prime factors of p?
59
Let b = 20 - 14. Let y be ((-4)/b)/(-1)*3. Suppose 2*k + 22 = 4*k - o, 0 = -3*k - y*o + 40. What are the prime factors of k?
2, 3
Let w(k) = k. Suppose -3*u + 4*z = 0, -3*u + 2*u - 16 = 4*z. Let x be w(u). What are the prime factors of (-161)/(-14) - 6/x?
13
Suppose -5*t = 3*u - 2051, -t + 0*u = -5*u - 399. List the prime factors of t.
409
Let g be 2 + 6/2 + -3 + 148. Let s = g + -76. What are the prime factors of s?
2, 37
Suppose -119*j + 114*j = -6410. List the prime factors of j.
2, 641
Let v = 3164 - -13. What are the prime factors of v?
3, 353
Let g = 128 + -70. Suppose 3*n - 59 = g. Suppose -5*i = -8*i + n. List the prime factors of i.
13
What are the prime factors of (0 - 34)*(-3 + (-45)/10)?
3, 5, 17
Suppose -3 = 3*i + 4*h, 8 = -2*i + h + 17. What are the prime factors of i?
3
Let t = -770 - -1210. Suppose -6*i - t = -11*i. Suppose 3*m - i = 50. List the prime factors of m.
2, 23
Suppose 1106 + 33526 = 24*f. List the prime factors of f.
3, 13, 37
Suppose 0 = -5*a - 5*a + 4930. List the prime factors of a.
17, 29
Let l(a) = 158*a + 144. What are the prime factors of l(8)?
2, 11
Let s = 2620 - 1789. What are the prime factors of s?
3, 277
Suppose 2*b = 24 - 0. Suppose -k + 5*k - b = 0. Suppose -3 = -k*r + 9. List the prime factors of r.
2
Suppose 0 = u - 5*d - 1030, -u + 4*d - 133 = -1158. List the prime factors of u.
3, 5, 67
Suppose 20*i + 316 = 21*i. Let t = i + -183. List the prime factors of t.
7, 19
Let o(r) = 10*r**2 + 4*r - 2. Let g be o(-2). Suppose 4*b + g = b. What are the prime factors of -3 - (2 + b) - -1?
2, 3
Let r = 63 + -14. Suppose -r = -5*n - 3*g, n + 4 - 25 = 5*g. List the prime factors of n.
11
Let w(r) = 23*r**2 + 37*r - 91. What are the prime factors of w(-15)?
7, 647
Suppose 0 = -4*k + d - 4 - 15, 3*d = -2*k + 1. Let x(u) = 6*u**2 - 4*u - 2. Let v be x(k). Suppose -v = -q - 4*q. List the prime factors of q.
2, 11
Let h(w) = -3*w**3 - w**2 + 17*w + 64. What are the prime factors of h(-9)?
2017
Let c(v) = -v**3 - 15*v**2 - 19*v - 5. Suppose -25 = 4*p + 35. What are the prime factors of c(p)?
2, 5, 7
Let c(b) = b + 1. Let m(w) = -w**2 - 18*w - 5. Let j(